{"id":36235,"date":"2024-09-24T12:39:52","date_gmt":"2024-09-24T17:39:52","guid":{"rendered":"https:\/\/codeq.qroo.gob.mx\/?page_id=36235"},"modified":"2025-07-21T09:29:03","modified_gmt":"2025-07-21T14:29:03","slug":"coepci","status":"publish","type":"page","link":"https:\/\/codeq.qroo.gob.mx\/index.php\/coepci\/","title":{"rendered":"COEPCI"},"content":{"rendered":"\t\t<div data-elementor-type=\"wp-page\" data-elementor-id=\"36235\" class=\"elementor elementor-36235\">\n\t\t\t\t<div class=\"elementor-element elementor-element-40bf536 e-flex e-con-boxed e-con e-parent\" data-id=\"40bf536\" data-element_type=\"container\">\n\t\t\t\t\t<div class=\"e-con-inner\">\n\t\t<div class=\"elementor-element elementor-element-7460fe2 e-con-full e-flex e-con e-child\" data-id=\"7460fe2\" data-element_type=\"container\">\n\t\t\t\t<div class=\"elementor-element elementor-element-4d0fee4 elementor-widget elementor-widget-image\" data-id=\"4d0fee4\" data-element_type=\"widget\" data-widget_type=\"image.default\">\n\t\t\t\t<div class=\"elementor-widget-container\">\n\t\t\t\t\t\t\t\t\t\t\t\t\t\t\t<img fetchpriority=\"high\" decoding=\"async\" width=\"1024\" height=\"576\" src=\"https:\/\/codeq.qroo.gob.mx\/wp-content\/uploads\/2025\/07\/WhatsApp-Image-2025-07-17-at-2.40.56-PM-1024x576.jpeg\" class=\"attachment-large size-large wp-image-37687\" alt=\"\" srcset=\"https:\/\/codeq.qroo.gob.mx\/wp-content\/uploads\/2025\/07\/WhatsApp-Image-2025-07-17-at-2.40.56-PM-1024x576.jpeg 1024w, https:\/\/codeq.qroo.gob.mx\/wp-content\/uploads\/2025\/07\/WhatsApp-Image-2025-07-17-at-2.40.56-PM-300x169.jpeg 300w, https:\/\/codeq.qroo.gob.mx\/wp-content\/uploads\/2025\/07\/WhatsApp-Image-2025-07-17-at-2.40.56-PM-768x432.jpeg 768w, https:\/\/codeq.qroo.gob.mx\/wp-content\/uploads\/2025\/07\/WhatsApp-Image-2025-07-17-at-2.40.56-PM.jpeg 1280w\" sizes=\"(max-width: 1024px) 100vw, 1024px\" \/>\t\t\t\t\t\t\t\t\t\t\t\t\t\t\t<\/div>\n\t\t\t\t<\/div>\n\t\t\t\t<\/div>\n\t\t\t\t\t<\/div>\n\t\t\t\t<\/div>\n\t\t<div class=\"elementor-element elementor-element-11b9dff e-flex e-con-boxed e-con e-parent\" data-id=\"11b9dff\" data-element_type=\"container\">\n\t\t\t\t\t<div class=\"e-con-inner\">\n\t\t\t\t<div class=\"elementor-element elementor-element-a750a7f elementor-widget elementor-widget-spacer\" data-id=\"a750a7f\" data-element_type=\"widget\" data-widget_type=\"spacer.default\">\n\t\t\t\t<div class=\"elementor-widget-container\">\n\t\t\t\t\t\t\t<div class=\"elementor-spacer\">\n\t\t\t<div class=\"elementor-spacer-inner\"><\/div>\n\t\t<\/div>\n\t\t\t\t\t\t<\/div>\n\t\t\t\t<\/div>\n\t\t\t\t\t<\/div>\n\t\t\t\t<\/div>\n\t\t<div class=\"elementor-element elementor-element-c757959 e-flex e-con-boxed e-con e-parent\" data-id=\"c757959\" data-element_type=\"container\">\n\t\t\t\t\t<div class=\"e-con-inner\">\n\t\t\t\t<div class=\"elementor-element elementor-element-aaf9ba4 elementor-widget-divider--view-line elementor-widget elementor-widget-divider\" data-id=\"aaf9ba4\" data-element_type=\"widget\" data-widget_type=\"divider.default\">\n\t\t\t\t<div class=\"elementor-widget-container\">\n\t\t\t\t\t\t\t<div class=\"elementor-divider\">\n\t\t\t<span class=\"elementor-divider-separator\">\n\t\t\t\t\t\t<\/span>\n\t\t<\/div>\n\t\t\t\t\t\t<\/div>\n\t\t\t\t<\/div>\n\t\t\t\t\t<\/div>\n\t\t\t\t<\/div>\n\t\t<div class=\"elementor-element elementor-element-4fa0fe7 e-flex e-con-boxed e-con e-parent\" data-id=\"4fa0fe7\" data-element_type=\"container\">\n\t\t\t\t\t<div class=\"e-con-inner\">\n\t\t\t\t\t<\/div>\n\t\t\t\t<\/div>\n\t\t<div class=\"elementor-element elementor-element-a957202 e-flex e-con-boxed e-con e-parent\" data-id=\"a957202\" data-element_type=\"container\">\n\t\t\t\t\t<div class=\"e-con-inner\">\n\t\t<div class=\"elementor-element elementor-element-ebbe310 e-con-full e-flex e-con e-child\" data-id=\"ebbe310\" data-element_type=\"container\">\n\t\t\t\t<div class=\"elementor-element elementor-element-45e2b8a elementor-widget elementor-widget-text-editor\" data-id=\"45e2b8a\" data-element_type=\"widget\" data-widget_type=\"text-editor.default\">\n\t\t\t\t<div class=\"elementor-widget-container\">\n\t\t\t\t\t\t\t\t\t<ul><li><a href=\"https:\/\/codeq.qroo.gob.mx\/wp-content\/uploads\/2024\/09\/ORGANIGRAMA-COEPCI.pdf\">ORGANIGRAMA COEPCI<\/a><\/li><li><a href=\"https:\/\/codeq.qroo.gob.mx\/wp-content\/uploads\/2024\/09\/CODIGO-DE-ETICA-GOBIERNO-DEL-ESTADO-DE-QROO.pdf\">C\u00d3DIGO DE \u00c9TICA &#8211; GOBIERNO DEL ESTADO DE QROO<\/a><\/li><li><a href=\"https:\/\/codeq.qroo.gob.mx\/wp-content\/uploads\/2024\/09\/PROGRAMA-ANUAL.pdf\">PROGRAMA ANUAL<\/a><\/li><li><a href=\"https:\/\/codeq.qroo.gob.mx\/wp-content\/uploads\/2024\/09\/CODIGO-DE-CONDUCTA.pdf\">C\u00d3DIGO DE CONDUCTA<\/a>\u00a0<\/li><li><a href=\"https:\/\/codeq.qroo.gob.mx\/wp-content\/uploads\/2024\/09\/ACTA-DE-INSTALACION.pdf\">ACTA DE INSTALACI\u00d3N<\/a><\/li><li><a href=\"https:\/\/codeq.qroo.gob.mx\/wp-content\/uploads\/2024\/09\/1ra-SESION-2024-COEPCI.pdf\">1ra SESI\u00d3N 2024 COEPCI<\/a><\/li><li><a href=\"https:\/\/codeq.qroo.gob.mx\/wp-content\/uploads\/2024\/09\/ACTA-2DA-SESION-ORDINARIA-2024-COEPCI.pdf\">ACTA 2DA SESION ORDINARIA 2024 COEPCI<\/a>\u00a0<\/li><\/ul>\t\t\t\t\t\t\t\t<\/div>\n\t\t\t\t<\/div>\n\t\t\t\t<\/div>\n\t\t\t\t\t<\/div>\n\t\t\t\t<\/div>\n\t\t<div class=\"elementor-element elementor-element-3d09736 e-flex e-con-boxed e-con e-parent\" data-id=\"3d09736\" data-element_type=\"container\">\n\t\t\t\t\t<div class=\"e-con-inner\">\n\t\t\t\t<div class=\"elementor-element elementor-element-4c64d87 elementor-widget-divider--view-line elementor-widget elementor-widget-divider\" data-id=\"4c64d87\" data-element_type=\"widget\" data-widget_type=\"divider.default\">\n\t\t\t\t<div class=\"elementor-widget-container\">\n\t\t\t\t\t\t\t<div class=\"elementor-divider\">\n\t\t\t<span class=\"elementor-divider-separator\">\n\t\t\t\t\t\t<\/span>\n\t\t<\/div>\n\t\t\t\t\t\t<\/div>\n\t\t\t\t<\/div>\n\t\t\t\t\t<\/div>\n\t\t\t\t<\/div>\n\t\t<div class=\"elementor-element elementor-element-679eb20 e-flex e-con-boxed e-con e-parent\" data-id=\"679eb20\" data-element_type=\"container\">\n\t\t\t\t\t<div class=\"e-con-inner\">\n\t\t\t\t<div class=\"elementor-element elementor-element-a920010 elementor-widget elementor-widget-text-editor\" data-id=\"a920010\" data-element_type=\"widget\" data-widget_type=\"text-editor.default\">\n\t\t\t\t<div class=\"elementor-widget-container\">\n\t\t\t\t\t\t\t\t\t<h2 style=\"text-align: center;\">2025<\/h2><ul><li><a href=\"https:\/\/codeq.qroo.gob.mx\/wp-content\/uploads\/2025\/04\/acta-primera-sesion-2025-COEPCI.pdf\">acta primera sesion 2025 COEPCI<\/a><\/li><\/ul>\t\t\t\t\t\t\t\t<\/div>\n\t\t\t\t<\/div>\n\t\t\t\t\t<\/div>\n\t\t\t\t<\/div>\n\t\t\t\t<\/div>\n\t\t","protected":false},"excerpt":{"rendered":"<p>ORGANIGRAMA COEPCI C\u00d3DIGO DE \u00c9TICA &#8211; GOBIERNO DEL ESTADO DE QROO PROGRAMA ANUAL C\u00d3DIGO DE CONDUCTA\u00a0 ACTA DE INSTALACI\u00d3N 1ra SESI\u00d3N 2024 COEPCI ACTA 2DA SESION ORDINARIA 2024 COEPCI\u00a0 2025 acta primera sesion 2025 COEPCI<\/p>\n","protected":false},"author":3,"featured_media":0,"parent":0,"menu_order":0,"comment_status":"closed","ping_status":"closed","template":"","meta":{"footnotes":""},"class_list":["post-36235","page","type-page","status-publish"],"yoast_head":"<!-- This site is optimized with the Yoast SEO plugin v25.5 - https:\/\/yoast.com\/wordpress\/plugins\/seo\/ -->\n<title>COEPCI - Comisi\u00f3n del Deporte de Quintana Roo<\/title>\n<meta name=\"robots\" content=\"index, follow, max-snippet:-1, max-image-preview:large, max-video-preview:-1\" \/>\n<link rel=\"canonical\" href=\"https:\/\/codeq.qroo.gob.mx\/index.php\/coepci\/\" \/>\n<meta property=\"og:locale\" content=\"es_MX\" \/>\n<meta property=\"og:type\" content=\"article\" \/>\n<meta property=\"og:title\" content=\"COEPCI - Comisi\u00f3n del Deporte de Quintana Roo\" \/>\n<meta property=\"og:description\" content=\"ORGANIGRAMA COEPCI C\u00d3DIGO DE \u00c9TICA &#8211; GOBIERNO DEL ESTADO DE QROO PROGRAMA ANUAL C\u00d3DIGO DE CONDUCTA\u00a0 ACTA DE INSTALACI\u00d3N 1ra SESI\u00d3N 2024 COEPCI ACTA 2DA SESION ORDINARIA 2024 COEPCI\u00a0 2025 acta primera sesion 2025 COEPCI\" \/>\n<meta property=\"og:url\" content=\"https:\/\/codeq.qroo.gob.mx\/index.php\/coepci\/\" \/>\n<meta property=\"og:site_name\" content=\"Comisi\u00f3n del Deporte de Quintana Roo\" \/>\n<meta property=\"article:modified_time\" content=\"2025-07-21T14:29:03+00:00\" \/>\n<meta property=\"og:image\" content=\"https:\/\/codeq.qroo.gob.mx\/wp-content\/uploads\/2025\/07\/WhatsApp-Image-2025-07-17-at-2.40.56-PM.jpeg\" \/>\n\t<meta property=\"og:image:width\" content=\"1280\" \/>\n\t<meta property=\"og:image:height\" content=\"720\" \/>\n\t<meta property=\"og:image:type\" content=\"image\/jpeg\" \/>\n<meta name=\"twitter:card\" content=\"summary_large_image\" \/>\n<meta name=\"twitter:label1\" content=\"Tiempo de lectura\" \/>\n\t<meta name=\"twitter:data1\" content=\"1 minuto\" \/>\n<script type=\"application\/ld+json\" class=\"yoast-schema-graph\">{\"@context\":\"https:\/\/schema.org\",\"@graph\":[{\"@type\":\"WebPage\",\"@id\":\"https:\/\/codeq.qroo.gob.mx\/index.php\/coepci\/\",\"url\":\"https:\/\/codeq.qroo.gob.mx\/index.php\/coepci\/\",\"name\":\"COEPCI - Comisi\u00f3n del Deporte de Quintana Roo\",\"isPartOf\":{\"@id\":\"https:\/\/codeq.qroo.gob.mx\/#website\"},\"primaryImageOfPage\":{\"@id\":\"https:\/\/codeq.qroo.gob.mx\/index.php\/coepci\/#primaryimage\"},\"image\":{\"@id\":\"https:\/\/codeq.qroo.gob.mx\/index.php\/coepci\/#primaryimage\"},\"thumbnailUrl\":\"https:\/\/codeq.qroo.gob.mx\/wp-content\/uploads\/2025\/07\/WhatsApp-Image-2025-07-17-at-2.40.56-PM-1024x576.jpeg\",\"datePublished\":\"2024-09-24T17:39:52+00:00\",\"dateModified\":\"2025-07-21T14:29:03+00:00\",\"breadcrumb\":{\"@id\":\"https:\/\/codeq.qroo.gob.mx\/index.php\/coepci\/#breadcrumb\"},\"inLanguage\":\"es\",\"potentialAction\":[{\"@type\":\"ReadAction\",\"target\":[\"https:\/\/codeq.qroo.gob.mx\/index.php\/coepci\/\"]}]},{\"@type\":\"ImageObject\",\"inLanguage\":\"es\",\"@id\":\"https:\/\/codeq.qroo.gob.mx\/index.php\/coepci\/#primaryimage\",\"url\":\"https:\/\/codeq.qroo.gob.mx\/wp-content\/uploads\/2025\/07\/WhatsApp-Image-2025-07-17-at-2.40.56-PM.jpeg\",\"contentUrl\":\"https:\/\/codeq.qroo.gob.mx\/wp-content\/uploads\/2025\/07\/WhatsApp-Image-2025-07-17-at-2.40.56-PM.jpeg\",\"width\":1280,\"height\":720},{\"@type\":\"BreadcrumbList\",\"@id\":\"https:\/\/codeq.qroo.gob.mx\/index.php\/coepci\/#breadcrumb\",\"itemListElement\":[{\"@type\":\"ListItem\",\"position\":1,\"name\":\"Inicio\",\"item\":\"https:\/\/codeq.qroo.gob.mx\/\"},{\"@type\":\"ListItem\",\"position\":2,\"name\":\"COEPCI\"}]},{\"@type\":\"WebSite\",\"@id\":\"https:\/\/codeq.qroo.gob.mx\/#website\",\"url\":\"https:\/\/codeq.qroo.gob.mx\/\",\"name\":\"Comisi\u00f3n del Deporte de Quintana Roo\",\"description\":\"CODEQ\",\"publisher\":{\"@id\":\"https:\/\/codeq.qroo.gob.mx\/#organization\"},\"potentialAction\":[{\"@type\":\"SearchAction\",\"target\":{\"@type\":\"EntryPoint\",\"urlTemplate\":\"https:\/\/codeq.qroo.gob.mx\/?s={search_term_string}\"},\"query-input\":{\"@type\":\"PropertyValueSpecification\",\"valueRequired\":true,\"valueName\":\"search_term_string\"}}],\"inLanguage\":\"es\"},{\"@type\":\"Organization\",\"@id\":\"https:\/\/codeq.qroo.gob.mx\/#organization\",\"name\":\"Comisi\u00f3n del Deporte de Quintana Roo\",\"url\":\"https:\/\/codeq.qroo.gob.mx\/\",\"logo\":{\"@type\":\"ImageObject\",\"inLanguage\":\"es\",\"@id\":\"https:\/\/codeq.qroo.gob.mx\/#\/schema\/logo\/image\/\",\"url\":\"https:\/\/codeq.qroo.gob.mx\/wp-content\/uploads\/2024\/07\/CODEQ.png\",\"contentUrl\":\"https:\/\/codeq.qroo.gob.mx\/wp-content\/uploads\/2024\/07\/CODEQ.png\",\"width\":3000,\"height\":1688,\"caption\":\"Comisi\u00f3n del Deporte de Quintana Roo\"},\"image\":{\"@id\":\"https:\/\/codeq.qroo.gob.mx\/#\/schema\/logo\/image\/\"}}]}<\/script>\n<!-- \/ Yoast SEO plugin. -->","yoast_head_json":{"title":"COEPCI - Comisi\u00f3n del Deporte de Quintana Roo","robots":{"index":"index","follow":"follow","max-snippet":"max-snippet:-1","max-image-preview":"max-image-preview:large","max-video-preview":"max-video-preview:-1"},"canonical":"https:\/\/codeq.qroo.gob.mx\/index.php\/coepci\/","og_locale":"es_MX","og_type":"article","og_title":"COEPCI - Comisi\u00f3n del Deporte de Quintana Roo","og_description":"ORGANIGRAMA COEPCI C\u00d3DIGO DE \u00c9TICA &#8211; GOBIERNO DEL ESTADO DE QROO PROGRAMA ANUAL C\u00d3DIGO DE CONDUCTA\u00a0 ACTA DE INSTALACI\u00d3N 1ra SESI\u00d3N 2024 COEPCI ACTA 2DA SESION ORDINARIA 2024 COEPCI\u00a0 2025 acta primera sesion 2025 COEPCI","og_url":"https:\/\/codeq.qroo.gob.mx\/index.php\/coepci\/","og_site_name":"Comisi\u00f3n del Deporte de Quintana Roo","article_modified_time":"2025-07-21T14:29:03+00:00","og_image":[{"width":1280,"height":720,"url":"https:\/\/codeq.qroo.gob.mx\/wp-content\/uploads\/2025\/07\/WhatsApp-Image-2025-07-17-at-2.40.56-PM.jpeg","type":"image\/jpeg"}],"twitter_card":"summary_large_image","twitter_misc":{"Tiempo de lectura":"1 minuto"},"schema":{"@context":"https:\/\/schema.org","@graph":[{"@type":"WebPage","@id":"https:\/\/codeq.qroo.gob.mx\/index.php\/coepci\/","url":"https:\/\/codeq.qroo.gob.mx\/index.php\/coepci\/","name":"COEPCI - Comisi\u00f3n del Deporte de Quintana Roo","isPartOf":{"@id":"https:\/\/codeq.qroo.gob.mx\/#website"},"primaryImageOfPage":{"@id":"https:\/\/codeq.qroo.gob.mx\/index.php\/coepci\/#primaryimage"},"image":{"@id":"https:\/\/codeq.qroo.gob.mx\/index.php\/coepci\/#primaryimage"},"thumbnailUrl":"https:\/\/codeq.qroo.gob.mx\/wp-content\/uploads\/2025\/07\/WhatsApp-Image-2025-07-17-at-2.40.56-PM-1024x576.jpeg","datePublished":"2024-09-24T17:39:52+00:00","dateModified":"2025-07-21T14:29:03+00:00","breadcrumb":{"@id":"https:\/\/codeq.qroo.gob.mx\/index.php\/coepci\/#breadcrumb"},"inLanguage":"es","potentialAction":[{"@type":"ReadAction","target":["https:\/\/codeq.qroo.gob.mx\/index.php\/coepci\/"]}]},{"@type":"ImageObject","inLanguage":"es","@id":"https:\/\/codeq.qroo.gob.mx\/index.php\/coepci\/#primaryimage","url":"https:\/\/codeq.qroo.gob.mx\/wp-content\/uploads\/2025\/07\/WhatsApp-Image-2025-07-17-at-2.40.56-PM.jpeg","contentUrl":"https:\/\/codeq.qroo.gob.mx\/wp-content\/uploads\/2025\/07\/WhatsApp-Image-2025-07-17-at-2.40.56-PM.jpeg","width":1280,"height":720},{"@type":"BreadcrumbList","@id":"https:\/\/codeq.qroo.gob.mx\/index.php\/coepci\/#breadcrumb","itemListElement":[{"@type":"ListItem","position":1,"name":"Inicio","item":"https:\/\/codeq.qroo.gob.mx\/"},{"@type":"ListItem","position":2,"name":"COEPCI"}]},{"@type":"WebSite","@id":"https:\/\/codeq.qroo.gob.mx\/#website","url":"https:\/\/codeq.qroo.gob.mx\/","name":"Comisi\u00f3n del Deporte de Quintana Roo","description":"CODEQ","publisher":{"@id":"https:\/\/codeq.qroo.gob.mx\/#organization"},"potentialAction":[{"@type":"SearchAction","target":{"@type":"EntryPoint","urlTemplate":"https:\/\/codeq.qroo.gob.mx\/?s={search_term_string}"},"query-input":{"@type":"PropertyValueSpecification","valueRequired":true,"valueName":"search_term_string"}}],"inLanguage":"es"},{"@type":"Organization","@id":"https:\/\/codeq.qroo.gob.mx\/#organization","name":"Comisi\u00f3n del Deporte de Quintana Roo","url":"https:\/\/codeq.qroo.gob.mx\/","logo":{"@type":"ImageObject","inLanguage":"es","@id":"https:\/\/codeq.qroo.gob.mx\/#\/schema\/logo\/image\/","url":"https:\/\/codeq.qroo.gob.mx\/wp-content\/uploads\/2024\/07\/CODEQ.png","contentUrl":"https:\/\/codeq.qroo.gob.mx\/wp-content\/uploads\/2024\/07\/CODEQ.png","width":3000,"height":1688,"caption":"Comisi\u00f3n del Deporte de Quintana Roo"},"image":{"@id":"https:\/\/codeq.qroo.gob.mx\/#\/schema\/logo\/image\/"}}]}},"_links":{"self":[{"href":"https:\/\/codeq.qroo.gob.mx\/index.php\/wp-json\/wp\/v2\/pages\/36235","targetHints":{"allow":["GET"]}}],"collection":[{"href":"https:\/\/codeq.qroo.gob.mx\/index.php\/wp-json\/wp\/v2\/pages"}],"about":[{"href":"https:\/\/codeq.qroo.gob.mx\/index.php\/wp-json\/wp\/v2\/types\/page"}],"author":[{"embeddable":true,"href":"https:\/\/codeq.qroo.gob.mx\/index.php\/wp-json\/wp\/v2\/users\/3"}],"replies":[{"embeddable":true,"href":"https:\/\/codeq.qroo.gob.mx\/index.php\/wp-json\/wp\/v2\/comments?post=36235"}],"version-history":[{"count":19,"href":"https:\/\/codeq.qroo.gob.mx\/index.php\/wp-json\/wp\/v2\/pages\/36235\/revisions"}],"predecessor-version":[{"id":37690,"href":"https:\/\/codeq.qroo.gob.mx\/index.php\/wp-json\/wp\/v2\/pages\/36235\/revisions\/37690"}],"wp:attachment":[{"href":"https:\/\/codeq.qroo.gob.mx\/index.php\/wp-json\/wp\/v2\/media?parent=36235"}],"curies":[{"name":"wp","href":"https:\/\/api.w.org\/{rel}","templated":true}]}}